 is 11100112 - 110022002020?
-110010201201
In base 16, what is f87589 - 7?
f87582
In base 11, what is -22606 + 184?
-22432
In base 13, what is 8718 - -b9?
8804
In base 6, what is -15 + -2351154010?
-2351154025
In base 7, what is -16 - -415003026?
415003010
In base 15, what is -18b07 - 7b?
-18b83
In base 6, what is -31 - 10411243334?
-10411243405
In base 8, what is -2467 - -326014?
323325
In base 13, what is -3 + -19436227?
-1943622a
In base 3, what is -101022102 + -102010?
-101201112
In base 13, what is 12bca5 + -6b5?
12b5c0
In base 3, what is 22110 + 2112012101010?
2112012200120
In base 6, what is -2 - -3450245020?
3450245014
In base 12, what is -513486 - 2?
-513488
In base 16, what is -23 + 2e2d2?
2e2af
In base 8, what is 721444 + -3477?
715745
In base 14, what is 1 + 41861b?
41861c
In base 8, what is -1660 - 442060?
-443740
In base 12, what is 2548 - -42973?
452bb
In base 4, what is 12 - 11023321?
-11023303
In base 6, what is -333303 - 15441?
-353144
In base 2, what is 10000010010 - -11001101111100110?
11001111111111000
In base 10, what is 186 - 3347?
-3161
In base 5, what is -4411400223 - 3?
-4411400231
In base 15, what is 0 - 16d670?
-16d670
In base 16, what is 680e - 6951?
-143
In base 14, what is 552 - 1b4b?
-15d9
In base 11, what is 1531 - 388381?
-386950
In base 5, what is -2203242421 - -133?
-2203242233
In base 12, what is 5 - 1b7b52?
-1b7b49
In base 10, what is -227329210 + -3?
-227329213
In base 13, what is -7c68005 + -3?
-7c68008
In base 13, what is 4 - a41a5b7?
-a41a5b3
In base 8, what is 77 - 764030?
-763731
In base 5, what is -4222 - 2203411?
-2213133
In base 4, what is 111320 + -31022?
20232
In base 13, what is -3c9421 + 122?
-3c92cc
In base 11, what is -351 + -42530?
-42881
In base 6, what is -10102 - -40244?
30142
In base 13, what is -b3 - -2b1c4?
2b111
In base 4, what is 2002320003322 - 1?
2002320003321
In base 4, what is -11111 + -20122202?
-20133313
In base 6, what is 3 - 2003021002?
-2003020555
In base 10, what is -7595 + 1677?
-5918
In base 15, what is -1a7dcb1 - -4?
-1a7dcac
In base 13, what is 1490333 + 1?
1490334
In base 4, what is 33002301000221 - 1?
33002301000220
In base 9, what is 7066 + 174503?
182570
In base 10, what is 24919518 + 9?
24919527
In base 15, what is 15 - -42630?
42645
In base 2, what is 111100000101110000011 + 110010?
111100000101110110101
In base 15, what is -429 - 7cb?
-c05
In base 14, what is 1268 - -717?
1981
In base 5, what is -310 + -130300040?
-130300400
In base 2, what is 1000010100111011000000011 - 1?
1000010100111011000000010
In base 3, what is -21210200212220 - -10001?
-21210200202212
In base 3, what is 11011000220110001 - -22?
11011000220110100
In base 14, what is -150d2b + -18?
-150d45
In base 14, what is 2b6bac - -44?
2b6c12
In base 2, what is -10011001000011111101101001 + -100?
-10011001000011111101101101
In base 3, what is -1102022 - 21000002?
-22102101
In base 12, what is 2ab9 - 2680?
439
In base 16, what is 2 - 11af782?
-11af780
In base 12, what is b7b68774 + 0?
b7b68774
In base 2, what is -101110 + 100010100001100110?
100010100000111000
In base 3, what is 2101 - -10110110202001?
10110110211102
In base 13, what is -73a - 2a9a?
-3507
In base 8, what is -714523 - -1?
-714522
In base 14, what is 3 - -16bd728d?
16bd7292
In base 14, what is b1c0bb8 + 3?
b1c0bbb
In base 6, what is -1554334523 + 0?
-1554334523
In base 3, what is -11 + -11122021210102?
-11122021210120
In base 8, what is 2 - 2537174124?
-2537174122
In base 7, what is 2236355463 - -1?
2236355464
In base 14, what is 7 - -a4b338b?
a4b3394
In base 11, what is -4 + -1756615?
-1756619
In base 15, what is -415 + -37aea?
-38010
In base 9, what is -30 - 24404876?
-24405016
In base 16, what is -25338 + -cf?
-25407
In base 10, what is 865 - 21658?
-20793
In base 11, what is 695 + -1a527?
-19942
In base 14, what is 3c - 144d4?
-14496
In base 5, what is 31 - 233441422?
-233441341
In base 6, what is 1152142 + -1412?
1150330
In base 12, what is 17680b65 + 3?
17680b68
In base 5, what is -131034344 + 114?
-131034230
In base 4, what is -3323 + 210023210?
210013221
In base 9, what is -284 + -175503?
-175787
In base 10, what is -59160715 + 2?
-59160713
In base 9, what is -3784170 + 8?
-3784161
In base 14, what is 94a9a3 + -1?
94a9a2
In base 11, what is 174157 - -21?
174178
In base 12, what is 13a + 71860?
7199a
In base 9, what is 127225 - 22?
127203
In base 14, what is -49a6c6d + 3?
-49a6c6a
In base 9, what is 231060 - -53?
231123
In base 3, what is 1 + 2202120011201020?
2202120011201021
In base 9, what is 468564 - 307?
468256
In base 14, what is -3d778a - 3?
-3d778d
In base 5, what is -4203 - -144140?
134432
In base 11, what is 2 - -6939209?
6939210
In base 6, what is -10021 + 20155413?
20145352
In base 5, what is -34320413202 + 10?
-34320413142
In base 9, what is 46335 + 367?
46713
In base 10, what is -2342 + 23637?
21295
In base 13, what is -5 + -2444cc6?
-2444ccb
In base 10, what is 2 + -6213503?
-6213501
In base 6, what is -1351012 + 2044?
-1344524
In base 8, what is 113410 + -777?
112411
In base 16, what is 4db8035 + 3?
4db8038
In base 7, what is -42 + 1146322?
1146250
In base 3, what is 1122102001 - -20012100?
1212121101
In base 5, what is 112111424311 + -10?
112111424301
In base 11, what is 77910 + -5780?
72140
In base 11, what is -59a6a + -199?
-5a158
In base 6, what is 14 + -412155510?
-412155452
In base 8, what is 2537173654 - 0?
2537173654
In base 10, what is 7464 + 2595?
10059
In base 4, what is 210003 + 10110100?
10320103
In base 8, what is 22735661 - 2?
22735657
In base 14, what is 109d4 + 1dd?
10bd3
In base 16, what is 6991f - 7d?
698a2
In base 9, what is -1457 + -367580?
-370147
In base 10, what is 6 + 299070?
299076
In base 15, what is -4b062 - 2b?
-4b08d
In base 13, what is -a7184 + 346?
-a6b3b
In base 2, what is -1101 - -110111010111110001?
110111010111100100
In base 16, what is -2 + 1c15d3f?
1c15d3d
In base 12, what is 69764 - 79?
696a7
In base 12, what is -25b + -9495a2?
-949841
In base 13, what is -69a + 10cc58?
10c58b
In base 5, what is 1012032242 - -1112?
1012033404
In base 11, what is -200 - 415116?
-415316
In base 5, what is -302 - -303000311?
303000004
In base 8, what is -3456117 + -17?
-3456136
In base 8, what is -313 + 10716?
10403
In base 16, what is -824c2 + -24?
-824e6
In base 13, what is -279 - -55262?
54cb6
In base 13, what is -8c8135 - 12?
-8c8147
In base 10, what is -8069 - 1433?
-9502
In base 11, what is -56 + 1048737?
1048691
In base 13, what is 166591 + -32?
16655c
In base 14, what is -8b - -336ca7?
336c1a
In base 15, what is -2c + -6e9c3?
-6ea00
In base 8, what is -64475 - -255?
-64220
In base 16, what is -684 + -1551?
-1bd5
In base 14, what is -26510 + 897?
-25a57
In base 12, what is 2 - 765aab2?
-765aab0
In base 9, what is 10385687 + -102?
10385585
In base 13, what is -223312 + -a?
-22331c
In base 7, what is -1 + 33141314?
33141313
In base 5, what is 100 + 1001322110?
1001322210
In base 12, what is 1397a - 2417?
11563
In base 9, what is -1456861 - -125?
-1456735
In base 14, what is cc971 - -c?
cc97d
In base 6, what is -1 - 430241114?
-430241115
In base 6, what is 2113130235 + -23?
2113130212
In base 3, what is 10222122120002 - -11?
10222122120020
In base 12, what is 436166 + -218?
435b4a
In base 15, what is 1919 - 3d04?
-23da
In base 16, what is 10dc - 2d21?
-1c45
In base 6, what is -334 - -2405124?
2404350
In base 2, what is -11 + 1110110110001110010000?
1110110110001110001101
In base 9, what is 3 - -20452055?
20452058
In base 11, what is -21521 - 563?
-21a84
In base 14, what is -13c + 1060cb?
105d8d
In base 6, what is -30233 + -124?
-30401
In base 13, what is 190 - 1b2b?
-196b
In base 16, what is -22625 - -33?
-225f2
In base 2, what is 111011100111101010010000110101 - -10?
111011100111101010010000110111
In base 13, what is 319 + -1293a?
-12621
In base 12, what is -1342 - -35801?
3447b
In base 16, what is -7 - -40cdb?
40cd4
In base 4, what is 1112131121 - 11312?
1112113203
In base 9, what is 711484648 + -4?
711484644
In base 14, what is 5 + 55437?
5543c
In base 8, what is 2452 - -132515?
135167
In base 8, what is 221710 - -1076?
223006
In base 6, what is 14100 + 1103314?
1121414
In base 12, what is -a0 - 2475b6?
-247696
In base 4, what is -31121 + -2322120?
-3013301
In base 8, what is 1 + 21313